047 composite?
True
Is 29039 prime?
False
Is 19813 composite?
False
Is 235139 a prime number?
False
Is 14917 a composite number?
True
Is 37291 composite?
True
Is 123527 a prime number?
True
Is 1830259 a prime number?
False
Is 179663 a composite number?
True
Is 45403 a prime number?
True
Is 33827 prime?
True
Is 40402 composite?
True
Is 794317 composite?
True
Is 3209 a prime number?
True
Is 429859 composite?
True
Is 127103 a prime number?
True
Is 83473 composite?
True
Is 95839 a prime number?
False
Is 3809 a prime number?
False
Is 6197 prime?
True
Is 796579 a composite number?
True
Is 1687373 a prime number?
True
Is 667 prime?
False
Is 9305 composite?
True
Is 65861 prime?
False
Is 191714 prime?
False
Is 5293 a prime number?
False
Is 50951 prime?
True
Is 423271 a composite number?
True
Is 6861 a composite number?
True
Is 1112467 composite?
False
Is 10687 composite?
False
Is 16773 composite?
True
Is 19907 a prime number?
False
Is 82607 composite?
True
Is 395153 a composite number?
True
Is 419941 prime?
False
Is 1085761 a prime number?
False
Is 4837 a composite number?
True
Is 24227 a prime number?
False
Is 248426 a prime number?
False
Is 19289 composite?
False
Is 65257 prime?
True
Is 160442 a composite number?
True
Is 96979 prime?
True
Is 4561 a prime number?
True
Is 789955 a composite number?
True
Is 422459 a composite number?
False
Is 16057 a prime number?
True
Is 14047 a composite number?
True
Is 192674 a composite number?
True
Is 2309 composite?
False
Is 28181 a composite number?
False
Is 45713 a composite number?
True
Is 26591 composite?
False
Is 18493 a composite number?
False
Is 2605 composite?
True
Is 102171 a composite number?
True
Is 387791 a prime number?
True
Is 214373 a composite number?
False
Is 8143 a composite number?
True
Is 719 a composite number?
False
Is 265 a prime number?
False
Is 156385 a composite number?
True
Is 15013 composite?
False
Is 113 prime?
True
Is 12689 prime?
True
Is 30631 prime?
True
Is 115243 prime?
False
Is 4181 a composite number?
True
Is 37279 prime?
False
Is 39581 a prime number?
True
Is 14995 a composite number?
True
Is 1337 prime?
False
Is 62837 a composite number?
True
Is 194105 a composite number?
True
Is 114371 prime?
True
Is 1992247 composite?
True
Is 222419 composite?
False
Is 126029 a prime number?
False
Is 15823 composite?
False
Is 62273 composite?
False
Is 25409 a composite number?
False
Is 536669 prime?
False
Is 1170203 prime?
True
Is 109469 a prime number?
True
Is 1949 a prime number?
True
Is 165641 a prime number?
False
Is 1165 a prime number?
False
Is 12143 a prime number?
True
Is 393667 a prime number?
True
Is 27611 prime?
True
Is 36671 prime?
True
Is 45233 a composite number?
False
Is 1391803 a prime number?
False
Is 115829 a composite number?
True
Is 88463 prime?
True
Is 4746919 a prime number?
True
Is 62803 a composite number?
True
Is 12715 prime?
False
Is 145223 a composite number?
True
Is 915113 a prime number?
True
Is 121829 prime?
False
Is 177649 prime?
False
Is 195863 a composite number?
False
Is 15089 a prime number?
False
Is 75149 a composite number?
False
Is 22229 a composite number?
False
Is 354107 a composite number?
True
Is 626443 prime?
True
Is 22114 a composite number?
True
Is 370371 a prime number?
False
Is 8459 a prime number?
False
Is 96199 a composite number?
False
Is 48419 prime?
False
Is 1359041 composite?
True
Is 287077 prime?
False
Is 29857 prime?
False
Is 309 prime?
False
Is 1693 a composite number?
False
Is 205 composite?
True
Is 1084489 composite?
True
Is 89483 prime?
False
Is 156867 a composite number?
True
Is 1316177 composite?
False
Is 10643 a composite number?
True
Is 54685 composite?
True
Is 603187 a composite number?
True
Is 64643 a composite number?
True
Is 8929 prime?
True
Is 4956977 composite?
False
Is 347 a prime number?
True
Is 3489 a prime number?
False
Is 4479 composite?
True
Is 702242 a prime number?
False
Is 921489 a composite number?
True
Is 82969 prime?
False
Is 147073 prime?
True
Is 18041 a composite number?
False
Is 24218 a prime number?
False
Is 590489 a composite number?
False
Is 1541 composite?
True
Is 937 a prime number?
True
Is 1705413 prime?
False
Is 2203 a prime number?
True
Is 27338 composite?
True
Is 638479 composite?
True
Is 138253 prime?
False
Is 571 composite?
False
Is 432469 composite?
True
Is 2777 a prime number?
True
Is 200111 a prime number?
False
Is 15547 a prime number?
False
Is 27223 prime?
False
Is 286801 a composite number?
False
Is 1823 a composite number?
False
Is 1263217 prime?
False
Is 29831 a composite number?
True
Is 11545 prime?
False
Is 2039 composite?
False
Is 29101 a composite number?
False
Is 8527 prime?
True
Is 821173 prime?
True
Is 9811 a composite number?
False
Is 934 composite?
True
Is 281621 a composite number?
False
Is 42613 a composite number?
True
Is 14501 a composite number?
True
Is 856693 a composite number?
False
Is 75011 a prime number?
True
Is 20663 composite?
False
Is 4583 composite?
False
Is 275851 a prime number?
False
Is 1025173 composite?
True
Is 163841 a prime number?
True
Is 523661 composite?
True
Is 27503 a composite number?
True
Is 73819 a composite number?
False
Is 96753 composite?
True
Is 6899 prime?
True
Is 1117 prime?
True
Is 1192673 prime?
True
Is 584677 a composite number?
False
Is 105371 prime?
False
Is 2733061 prime?
True
Is 404381 a composite number?
False
Is 489887 a composite number?
False
Is 667 a composite number?
True
Is 14797 prime?
True
Is 106549 a prime number?
False
Is 46783 a prime number?
False
Is 3576445 a prime number?
False
Is 43919 composite?
True
Is 25667 composite?
False
Is 42059 composite?
True
Is 4201 composite?
False
Is 3671 a prime number?
True
Is 3021797 composite?
False
Is 27329 a prime number?
True
Is 28163 a composite number?
False
Is 29291 a prime number?
False
Is 1251287 prime?
True
Is 27647 composite?
False
Is 19661 prime?
True
Is 229343 prime?
True
Is 31847 a prime number?
True
Is 2114003 a composite number?
False
Is 2017 a prime number?
True
Is 38033 a composite number?
True
Is 409 a composite number?
False
Is 68719 prime?
False
Is 161947 prime?
True
Is 373517 prime?
True
Is 10279 composite?
True
Is 1158895 prime?
False
Is 23509 prime?
True
Is 253133 prime?
True
Is 19597 a prime number?
True
Is 1427653 a composite number?
False
Is 9109 prime?
True
Is 69467 prime?
True
Is 2321 a composite number?
True
Is 61063 a prime number?
False
Is 1711 composite?
True
Is 1637963 a prime number?
True
Is 44123 a prime number?
True
Is 39535 prime?
False
Is 7939 a composite number?
True
Is 574835 prime?
False
Is 26603 prime?
False
Is 12039 a composite number?
True
Is 92921 a prime number?
True
Is 18805 a prime number?
False
Is 5333 prime?
True
Is 2857273 a prime number?
False
Is 35857 prime?
False
Is 204757 composite?
True
Is 4200113 composite?
False
Is 5199 a prime number?
False
Is 62255 a prime number?
False
Is 1987 a prime number?
True
Is 68273 a composite number?
True
Is 183026 prime?
False
Is 4534 composite?
True
Is 282077 a composite number?
True
Is 320377 a prime number?
True
Is 70939 composite?
True
Is 17519 composite?
False
Is 1009 prime?
True
Is 1238551 prime?
True
Is 4393 a prime number?
False
Is 225023 prime?
True
Is 411 composite?
True
Is 72151 a prime number?
False
Is 607493 composite?
False
Is 35095 composite?
True
Is 19243 a prime number?
False
Is 5969 a composite number?
True
Is 1350937 a prime number?
False
Is 5923 composite?
False
Is 45383 prime?
False
Is 189547 composite?
False
Is 816643 prime?
False
Is 1361 composite?
False
Is 8819 composite?
False
Is 235502 composite?
True
Is 34609 a composite number?
True
Is 40873 prime?
False
Is 1437097 composite?
False
Is 9533 a composite number?
False
Is 3989 composite?
False
Is 131015 a composite number?
True
Is 53831 a composite number?
False
Is 991883 prime?
True
Is 7867 a composite number?
False
Is 1183547 prime?
False
Is 1097 a composite number?
False
Is 97499 a composite number?
False
Is 3250979 a composite number?
False
Is 93593 composite?
True
Is 631 a composite number?
False
Is 1137187 a prime number?
False
Is 87467 a prime number?
False
Is 54751 a composite number?
False
Is 5557 prime?
True
Is 254279 prime?
True
Is 96257 a composite number?
True
Is 64763 a prime number?
True
Is 19289 a prime number?
